{"id":139,"date":"2023-04-24T16:12:29","date_gmt":"2023-04-24T16:12:29","guid":{"rendered":"https:\/\/caf.abitureiras.com\/?page_id=139"},"modified":"2023-04-24T16:12:30","modified_gmt":"2023-04-24T16:12:30","slug":"pedido-de-simulacao","status":"publish","type":"page","link":"https:\/\/caf.abitureiras.com\/index.php\/pedido-de-simulacao\/","title":{"rendered":"Pedido de Simula\u00e7\u00e3o"},"content":{"rendered":"\n<p>Por favor, preencha os seguintes campos:<\/p>\n\n\n<div class=\"wpforms-container wpforms-container-full wpforms-block wpforms-block-33e0925e-1cda-48c8-97a5-3ac058b5b978 wpforms-render-modern\" id=\"wpforms-108\"><form id=\"wpforms-form-108\" class=\"wpforms-validate wpforms-form wpforms-ajax-form\" data-formid=\"108\" method=\"post\" enctype=\"multipart\/form-data\" action=\"\/index.php\/wp-json\/wp\/v2\/pages\/139\" data-token=\"adf12d2b7026e18814acfac40582208f\" data-token-time=\"1776962485\"><noscript class=\"wpforms-error-noscript\">Please enable JavaScript in your browser to complete this form.<\/noscript><div id=\"wpforms-error-noscript\" style=\"display: none;\">Please enable JavaScript in your browser to complete this form.<\/div><div class=\"wpforms-field-container\"><div id=\"wpforms-108-field_3-container\" class=\"wpforms-field wpforms-field-name\" data-field-id=\"3\"><label class=\"wpforms-field-label\" for=\"wpforms-108-field_3\">Nome: <span class=\"wpforms-required-label\" aria-hidden=\"true\">*<\/span><\/label><input type=\"text\" id=\"wpforms-108-field_3\" class=\"wpforms-field-large wpforms-field-required\" name=\"wpforms[fields][3]\" aria-errormessage=\"wpforms-108-field_3-error\" required><\/div><div id=\"wpforms-108-field_25-container\" class=\"wpforms-field wpforms-field-email\" data-field-id=\"25\"><label class=\"wpforms-field-label\" for=\"wpforms-108-field_25\">Email <span class=\"wpforms-required-label\" aria-hidden=\"true\">*<\/span><\/label><input type=\"email\" id=\"wpforms-108-field_25\" class=\"wpforms-field-medium wpforms-field-required\" name=\"wpforms[fields][25]\" spellcheck=\"false\" aria-errormessage=\"wpforms-108-field_25-error\" required><\/div><div id=\"wpforms-108-field_12-container\" class=\"wpforms-field wpforms-field-name\" data-field-id=\"12\"><label class=\"wpforms-field-label\" for=\"wpforms-108-field_12\">Morada: <span class=\"wpforms-required-label\" aria-hidden=\"true\">*<\/span><\/label><input type=\"text\" id=\"wpforms-108-field_12\" class=\"wpforms-field-large wpforms-field-required\" name=\"wpforms[fields][12]\" aria-errormessage=\"wpforms-108-field_12-error\" required><\/div><div id=\"wpforms-108-field_11-container\" class=\"wpforms-field wpforms-field-name\" data-field-id=\"11\"><label class=\"wpforms-field-label\" for=\"wpforms-108-field_11\">C\u00f3digo Postal <span class=\"wpforms-required-label\" aria-hidden=\"true\">*<\/span><\/label><input type=\"text\" id=\"wpforms-108-field_11\" class=\"wpforms-field-small wpforms-field-required\" name=\"wpforms[fields][11]\" aria-errormessage=\"wpforms-108-field_11-error\" required><\/div><div id=\"wpforms-108-field_10-container\" class=\"wpforms-field wpforms-field-name\" data-field-id=\"10\"><label class=\"wpforms-field-label\" for=\"wpforms-108-field_10\">Contacto(s): <span class=\"wpforms-required-label\" aria-hidden=\"true\">*<\/span><\/label><input type=\"text\" id=\"wpforms-108-field_10\" class=\"wpforms-field-small wpforms-field-required\" name=\"wpforms[fields][10]\" aria-errormessage=\"wpforms-108-field_10-error\" required><\/div><div id=\"wpforms-108-field_7-container\" class=\"wpforms-field wpforms-field-radio\" data-field-id=\"7\"><fieldset><legend class=\"wpforms-field-label\">Tipo de Servi\u00e7o <span class=\"wpforms-required-label\" aria-hidden=\"true\">*<\/span><\/legend><ul id=\"wpforms-108-field_7\" class=\"wpforms-field-required\"><li class=\"choice-1 depth-1\"><input type=\"radio\" id=\"wpforms-108-field_7_1\" name=\"wpforms[fields][7]\" value=\"Centro de Dia\" aria-errormessage=\"wpforms-108-field_7_1-error\" required ><label class=\"wpforms-field-label-inline\" for=\"wpforms-108-field_7_1\">Centro de Dia<\/label><\/li><li class=\"choice-4 depth-1\"><input type=\"radio\" id=\"wpforms-108-field_7_4\" name=\"wpforms[fields][7]\" value=\"Apoio Domicili\u00e1rio\" aria-errormessage=\"wpforms-108-field_7_4-error\" required ><label class=\"wpforms-field-label-inline\" for=\"wpforms-108-field_7_4\">Apoio Domicili\u00e1rio<\/label><\/li><\/ul><\/fieldset><\/div><div id=\"wpforms-108-field_18-container\" class=\"wpforms-field wpforms-field-checkbox\" data-field-id=\"18\"><fieldset><legend class=\"wpforms-field-label\">Servi\u00e7os Centro de Dia &#8211; Assinale os servi\u00e7os que necessita:<\/legend><ul id=\"wpforms-108-field_18\"><li class=\"choice-1 depth-1\"><input type=\"checkbox\" id=\"wpforms-108-field_18_1\" name=\"wpforms[fields][18][]\" value=\"Banho\" aria-errormessage=\"wpforms-108-field_18_1-error\"  ><label class=\"wpforms-field-label-inline\" for=\"wpforms-108-field_18_1\">Banho<\/label><\/li><li class=\"choice-2 depth-1\"><input type=\"checkbox\" id=\"wpforms-108-field_18_2\" name=\"wpforms[fields][18][]\" value=\"Lavagem de roupa\" aria-errormessage=\"wpforms-108-field_18_2-error\"  ><label class=\"wpforms-field-label-inline\" for=\"wpforms-108-field_18_2\">Lavagem de roupa<\/label><\/li><li class=\"choice-3 depth-1\"><input type=\"checkbox\" id=\"wpforms-108-field_18_3\" name=\"wpforms[fields][18][]\" value=\"Acompanhamento e transporte para consultas m\u00e9dicas \/ outro(s) destino(s) a designar\" aria-errormessage=\"wpforms-108-field_18_3-error\"  ><label class=\"wpforms-field-label-inline\" for=\"wpforms-108-field_18_3\">Acompanhamento e transporte para consultas m\u00e9dicas \/ outro(s) destino(s) a designar<\/label><\/li><li class=\"choice-4 depth-1\"><input type=\"checkbox\" id=\"wpforms-108-field_18_4\" name=\"wpforms[fields][18][]\" value=\"Servi\u00e7o persinalizado da sua necessidad (preencha o campo seguinte)\" aria-errormessage=\"wpforms-108-field_18_4-error\"  ><label class=\"wpforms-field-label-inline\" for=\"wpforms-108-field_18_4\">Servi\u00e7o persinalizado da sua necessidad (preencha o campo seguinte)<\/label><\/li><\/ul><\/fieldset><\/div><div id=\"wpforms-108-field_20-container\" class=\"wpforms-field wpforms-field-textarea\" data-field-id=\"20\"><label class=\"wpforms-field-label\" for=\"wpforms-108-field_20\">Servi\u00e7o personalizado &#8211; Diga-nos o que necessita:<\/label><textarea id=\"wpforms-108-field_20\" class=\"wpforms-field-medium\" name=\"wpforms[fields][20]\" aria-errormessage=\"wpforms-108-field_20-error\" ><\/textarea><\/div><div id=\"wpforms-108-field_21-container\" class=\"wpforms-field wpforms-field-checkbox\" data-field-id=\"21\"><fieldset><legend class=\"wpforms-field-label\">Apoio Domicili\u00e1rio &#8211; Assinale os servi\u00e7os que necessita:<\/legend><ul id=\"wpforms-108-field_21\"><li class=\"choice-1 depth-1\"><input type=\"checkbox\" id=\"wpforms-108-field_21_1\" name=\"wpforms[fields][21][]\" value=\"5 Dias - Segunda a Sexta\" aria-errormessage=\"wpforms-108-field_21_1-error\"  ><label class=\"wpforms-field-label-inline\" for=\"wpforms-108-field_21_1\">5 Dias &#8211; Segunda a Sexta<\/label><\/li><li class=\"choice-2 depth-1\"><input type=\"checkbox\" id=\"wpforms-108-field_21_2\" name=\"wpforms[fields][21][]\" value=\"S\u00e1bado\" aria-errormessage=\"wpforms-108-field_21_2-error\"  ><label class=\"wpforms-field-label-inline\" for=\"wpforms-108-field_21_2\">S\u00e1bado<\/label><\/li><li class=\"choice-3 depth-1\"><input type=\"checkbox\" id=\"wpforms-108-field_21_3\" name=\"wpforms[fields][21][]\" value=\"Alimenta\u00e7\u00e3o\" aria-errormessage=\"wpforms-108-field_21_3-error\"  ><label class=\"wpforms-field-label-inline\" for=\"wpforms-108-field_21_3\">Alimenta\u00e7\u00e3o<\/label><\/li><li class=\"choice-4 depth-1\"><input type=\"checkbox\" id=\"wpforms-108-field_21_4\" name=\"wpforms[fields][21][]\" value=\"Higiene pessoal\" aria-errormessage=\"wpforms-108-field_21_4-error\"  ><label class=\"wpforms-field-label-inline\" for=\"wpforms-108-field_21_4\">Higiene pessoal<\/label><\/li><li class=\"choice-6 depth-1\"><input type=\"checkbox\" id=\"wpforms-108-field_21_6\" name=\"wpforms[fields][21][]\" value=\"Banho\" aria-errormessage=\"wpforms-108-field_21_6-error\"  ><label class=\"wpforms-field-label-inline\" for=\"wpforms-108-field_21_6\">Banho<\/label><\/li><li class=\"choice-7 depth-1\"><input type=\"checkbox\" id=\"wpforms-108-field_21_7\" name=\"wpforms[fields][21][]\" value=\"Higiene e limpeza (casa\/quarto\/ ou outra)\" aria-errormessage=\"wpforms-108-field_21_7-error\"  ><label class=\"wpforms-field-label-inline\" for=\"wpforms-108-field_21_7\">Higiene e limpeza (casa\/quarto\/ ou outra)<\/label><\/li><li class=\"choice-8 depth-1\"><input type=\"checkbox\" id=\"wpforms-108-field_21_8\" name=\"wpforms[fields][21][]\" value=\"Acompanhamento e transporte para consultas m\u00e9dicas \/ outro(s) destino(s) a designar\" aria-errormessage=\"wpforms-108-field_21_8-error\"  ><label class=\"wpforms-field-label-inline\" for=\"wpforms-108-field_21_8\">Acompanhamento e transporte para consultas m\u00e9dicas \/ outro(s) destino(s) a designar<\/label><\/li><li class=\"choice-9 depth-1\"><input type=\"checkbox\" id=\"wpforms-108-field_21_9\" name=\"wpforms[fields][21][]\" value=\"Anima\u00e7\u00e3o sociocultural\" aria-errormessage=\"wpforms-108-field_21_9-error\"  ><label class=\"wpforms-field-label-inline\" for=\"wpforms-108-field_21_9\">Anima\u00e7\u00e3o sociocultural<\/label><\/li><li class=\"choice-10 depth-1\"><input type=\"checkbox\" id=\"wpforms-108-field_21_10\" name=\"wpforms[fields][21][]\" value=\"Outro (preencha o campo seguinte)\" aria-errormessage=\"wpforms-108-field_21_10-error\"  ><label class=\"wpforms-field-label-inline\" for=\"wpforms-108-field_21_10\">Outro (preencha o campo seguinte)<\/label><\/li><\/ul><\/fieldset><\/div><div id=\"wpforms-108-field_22-container\" class=\"wpforms-field wpforms-field-textarea\" data-field-id=\"22\"><label class=\"wpforms-field-label\" for=\"wpforms-108-field_22\">Outro  Servi\u00e7o &#8211; Diga-nos o que necessita:<\/label><textarea id=\"wpforms-108-field_22\" class=\"wpforms-field-medium\" name=\"wpforms[fields][22]\" aria-errormessage=\"wpforms-108-field_22-error\" ><\/textarea><\/div><div id=\"wpforms-108-field_16-container\" class=\"wpforms-field wpforms-field-name wpforms-one-half wpforms-second\" data-field-id=\"16\"><label class=\"wpforms-field-label\" for=\"wpforms-108-field_16\">Reforma ou rendimento mensal do utente:<\/label><input type=\"text\" id=\"wpforms-108-field_16\" class=\"wpforms-field-small\" name=\"wpforms[fields][16]\" aria-errormessage=\"wpforms-108-field_16-error\" aria-describedby=\"wpforms-108-field_16-description\" ><div id=\"wpforms-108-field_16-description\" class=\"wpforms-field-description\">*Necess\u00e1rio para podermos realizar os c\u00e1lculos<\/div><\/div><div id=\"wpforms-108-field_23-container\" class=\"wpforms-field wpforms-field-name wpforms-one-half wpforms-second\" data-field-id=\"23\"><label class=\"wpforms-field-label\" for=\"wpforms-108-field_23\">N\u00famero do agregado familiar:<\/label><input type=\"text\" id=\"wpforms-108-field_23\" class=\"wpforms-field-small\" name=\"wpforms[fields][23]\" aria-errormessage=\"wpforms-108-field_23-error\" aria-describedby=\"wpforms-108-field_23-description\" ><div id=\"wpforms-108-field_23-description\" class=\"wpforms-field-description\">*Necess\u00e1rio para podermos realizar os c\u00e1lculos<\/div><\/div><div id=\"wpforms-108-field_17-container\" class=\"wpforms-field wpforms-field-name wpforms-one-half wpforms-first\" data-field-id=\"17\"><label class=\"wpforms-field-label\" for=\"wpforms-108-field_17\">Rendimentos de outros elementos do agregado fam\u00edliar:<\/label><input type=\"text\" id=\"wpforms-108-field_17\" class=\"wpforms-field-small\" name=\"wpforms[fields][17]\" aria-errormessage=\"wpforms-108-field_17-error\" aria-describedby=\"wpforms-108-field_17-description\" ><div id=\"wpforms-108-field_17-description\" class=\"wpforms-field-description\">*Necess\u00e1rio para podermos realizar os c\u00e1lculos<\/div><\/div><\/div><!-- .wpforms-field-container --><div class=\"wpforms-recaptcha-container wpforms-is-recaptcha wpforms-is-recaptcha-type-v3\" ><input type=\"hidden\" name=\"wpforms[recaptcha]\" value=\"\"><\/div><div class=\"wpforms-submit-container\" ><input type=\"hidden\" name=\"wpforms[id]\" value=\"108\"><input type=\"hidden\" name=\"page_title\" value=\"\"><input type=\"hidden\" name=\"page_url\" value=\"https:\/\/caf.abitureiras.com\/index.php\/wp-json\/wp\/v2\/pages\/139\"><input type=\"hidden\" name=\"url_referer\" value=\"\"><button type=\"submit\" name=\"wpforms[submit]\" id=\"wpforms-submit-108\" class=\"wpforms-submit\" data-alt-text=\"A enviar pedido de simula\u00e7\u00e3o...\" data-submit-text=\"Enviar pedido de simula\u00e7\u00e3o\" aria-live=\"assertive\" value=\"wpforms-submit\">Enviar pedido de simula\u00e7\u00e3o<\/button><img loading=\"lazy\" decoding=\"async\" src=\"https:\/\/caf.abitureiras.com\/wp-content\/plugins\/wpforms-lite\/assets\/images\/submit-spin.svg\" class=\"wpforms-submit-spinner\" style=\"display: none;\" width=\"26\" height=\"26\" alt=\"Loading\"><\/div><\/form><\/div>  <!-- .wpforms-container -->\n\n\n<p>Nota: Iremos enviar uma estimativa mensal de comparticipa\u00e7\u00e3o que \u00e9 meramente indicativa, n\u00e3o tendo car\u00e1cter exato ou definitivo.<\/p>\n\n\n\n<p><\/p>\n\n\n\n<p><strong>Servi\u00e7o<\/strong> &#8211; <strong>Centro de dia<\/strong> <\/p>\n\n\n\n<p>Inclui:<\/p>\n\n\n\n<p>Transporte para o Centro e regresso<\/p>\n\n\n\n<p>participa\u00e7\u00e3o em todas as atividades e anima\u00e7\u00e3o sociocultural&nbsp;<\/p>\n\n\n\n<p>Pequeno Almo\u00e7o\/ Almo\u00e7o\/ Lanche\/ Termo de sopa para jantar<\/p>\n\n\n\n<p>Servi\u00e7os que necessita extra:<\/p>\n\n\n\n<p>Banho<\/p>\n\n\n\n<p>Lavagem de roupa<\/p>\n\n\n\n<p>Acompanhamento e transporte para medico ou outro a indicar pelo utente<\/p>\n\n\n\n<p>outro a a indicar pelo utente<\/p>\n\n\n\n<p class=\"has-text-align-center\">___________________________________<\/p>\n\n\n\n<p><strong>Servi\u00e7o &#8211; Apoio\u00a0Domicili\u00e1rio<\/strong><\/p>\n\n\n\n<p>Quantos dias semanais:&nbsp; &nbsp;5 ou 6&nbsp;<\/p>\n\n\n\n<p>(6 dias inclui apenas S\u00e1bado)<\/p>\n\n\n\n<p>Alimenta\u00e7\u00e3o<\/p>\n\n\n\n<p>Higiene pessoal<\/p>\n\n\n\n<p>Banho<\/p>\n\n\n\n<p>Higiene e limpeza (casa\/quarto\/ ou outra a indicar pelo utente)<\/p>\n\n\n\n<p>Acompanhamento e transporte ( consulta ou outra a indicar pelo utente)<\/p>\n\n\n\n<p>Anima\u00e7\u00e3o sociocultural<\/p>\n\n\n\n<p>Outro (a indicar pelo utente)<\/p>\n","protected":false},"excerpt":{"rendered":"<p>Por favor, preencha os seguintes campos: Nota: Iremos enviar uma estimativa mensal de comparticipa\u00e7\u00e3o que \u00e9 meramente indicativa, n\u00e3o tendo car\u00e1cter exato ou definitivo. Servi\u00e7o &#8211; Centro de dia Inclui: Transporte para o Centro e regresso participa\u00e7\u00e3o em todas as atividades e anima\u00e7\u00e3o sociocultural&nbsp; Pequeno Almo\u00e7o\/ Almo\u00e7o\/ Lanche\/ Termo de sopa para jantar Servi\u00e7os que <\/p>\n<div class=\"read-more-text\"><a href=\"https:\/\/caf.abitureiras.com\/index.php\/pedido-de-simulacao\/\" class=\"read-more\">continue reading<\/a><\/div>\n","protected":false},"author":2,"featured_media":0,"parent":0,"menu_order":0,"comment_status":"closed","ping_status":"closed","template":"","meta":{"footnotes":""},"class_list":["post-139","page","type-page","status-publish","hentry"],"_links":{"self":[{"href":"https:\/\/caf.abitureiras.com\/index.php\/wp-json\/wp\/v2\/pages\/139","targetHints":{"allow":["GET"]}}],"collection":[{"href":"https:\/\/caf.abitureiras.com\/index.php\/wp-json\/wp\/v2\/pages"}],"about":[{"href":"https:\/\/caf.abitureiras.com\/index.php\/wp-json\/wp\/v2\/types\/page"}],"author":[{"embeddable":true,"href":"https:\/\/caf.abitureiras.com\/index.php\/wp-json\/wp\/v2\/users\/2"}],"replies":[{"embeddable":true,"href":"https:\/\/caf.abitureiras.com\/index.php\/wp-json\/wp\/v2\/comments?post=139"}],"version-history":[{"count":2,"href":"https:\/\/caf.abitureiras.com\/index.php\/wp-json\/wp\/v2\/pages\/139\/revisions"}],"predecessor-version":[{"id":143,"href":"https:\/\/caf.abitureiras.com\/index.php\/wp-json\/wp\/v2\/pages\/139\/revisions\/143"}],"wp:attachment":[{"href":"https:\/\/caf.abitureiras.com\/index.php\/wp-json\/wp\/v2\/media?parent=139"}],"curies":[{"name":"wp","href":"https:\/\/api.w.org\/{rel}","templated":true}]}}