{"id":55,"date":"2023-04-20T22:06:47","date_gmt":"2023-04-20T22:06:47","guid":{"rendered":"https:\/\/caf.abitureiras.com\/?page_id=55"},"modified":"2023-04-20T23:33:24","modified_gmt":"2023-04-20T23:33:24","slug":"caf","status":"publish","type":"page","link":"https:\/\/caf.abitureiras.com\/","title":{"rendered":"Centro de Apoio \u00e0 Fam\u00edlia"},"content":{"rendered":"\n<p><\/p>\n\n\n\n<p>Gostar\u00edamos de lhe apresentar o Centro de Apoio \u00e0 Fam\u00edlia (CAF), uma institui\u00e7\u00e3o que tem como objetivo prestar assist\u00eancia e apoio a indiv\u00edduos e fam\u00edlias em situa\u00e7\u00e3o de vulnerabilidade.<\/p>\n","protected":false},"excerpt":{"rendered":"<p>Gostar\u00edamos de lhe apresentar o Centro de Apoio \u00e0 Fam\u00edlia (CAF), uma institui\u00e7\u00e3o que tem como objetivo prestar assist\u00eancia e apoio a indiv\u00edduos e fam\u00edlias em situa\u00e7\u00e3o de vulnerabilidade.<\/p>\n","protected":false},"author":2,"featured_media":119,"parent":0,"menu_order":0,"comment_status":"closed","ping_status":"closed","template":"","meta":{"footnotes":""},"class_list":["post-55","page","type-page","status-publish","has-post-thumbnail","hentry"],"_links":{"self":[{"href":"https:\/\/caf.abitureiras.com\/index.php\/wp-json\/wp\/v2\/pages\/55","targetHints":{"allow":["GET"]}}],"collection":[{"href":"https:\/\/caf.abitureiras.com\/index.php\/wp-json\/wp\/v2\/pages"}],"about":[{"href":"https:\/\/caf.abitureiras.com\/index.php\/wp-json\/wp\/v2\/types\/page"}],"author":[{"embeddable":true,"href":"https:\/\/caf.abitureiras.com\/index.php\/wp-json\/wp\/v2\/users\/2"}],"replies":[{"embeddable":true,"href":"https:\/\/caf.abitureiras.com\/index.php\/wp-json\/wp\/v2\/comments?post=55"}],"version-history":[{"count":8,"href":"https:\/\/caf.abitureiras.com\/index.php\/wp-json\/wp\/v2\/pages\/55\/revisions"}],"predecessor-version":[{"id":93,"href":"https:\/\/caf.abitureiras.com\/index.php\/wp-json\/wp\/v2\/pages\/55\/revisions\/93"}],"wp:featuredmedia":[{"embeddable":true,"href":"https:\/\/caf.abitureiras.com\/index.php\/wp-json\/wp\/v2\/media\/119"}],"wp:attachment":[{"href":"https:\/\/caf.abitureiras.com\/index.php\/wp-json\/wp\/v2\/media?parent=55"}],"curies":[{"name":"wp","href":"https:\/\/api.w.org\/{rel}","templated":true}]}}